
-787912
What is -1220110221210 (base 3) in base 6?
-33415033
What is -51503242 (base 7) in base 4?
-100132310230
What is -3730a3 (base 12) in base 11?
-562994
1673322 (base 9) to base 3
1202110100202
Convert -13c196 (base 16) to base 6.
-43430102
-550150 (base 8) to base 4
-231001220
Convert 11443022 (base 5) to base 8.
325121
Convert -100001010000011100100 (base 2) to base 16.
-10a0e4
What is -12112020020 (base 3) in base 7?
-632112
What is 8448b (base 13) in base 12?
b592b
Convert -17351 (base 15) to base 5.
-4400001
Convert -12102222 (base 5) to base 6.
-2230140
-25a6a14 (base 12) to base 5
-3400412222
100352253 (base 6) to base 10
1709961
What is 10100001010010011 (base 2) in base 8?
241223
Convert -1777542 (base 10) to base 9.
-3308286
-157188 (base 11) to base 4
-323201032
What is -1702448 (base 10) in base 13?
-477b87
-26c56b (base 13) to base 8
-3456302
What is 2a049 (base 14) in base 8?
313621
What is -239124 (base 10) in base 8?
-723024
What is -10540030 (base 9) in base 13?
-1099509
Convert 2181008 (base 9) to base 4.
10132321310
Convert -324716 (base 8) to base 15.
-22471
What is -be882 (base 15) in base 16?
-93f5f
What is 542662 (base 9) in base 11?
201051
Convert -100122012110001 (base 3) to base 9.
-10565401
What is 44112 (base 12) in base 6?
1532422
Convert 12f0c (base 16) to base 13.
29409
-4630521 (base 7) to base 2
-10001101010101010101
Convert 19d3ac (base 14) to base 3.
1201201222100
Convert -886 (base 16) to base 15.
-9a7
What is -410615 (base 7) in base 2?
-10001000100101111
Convert 22333300 (base 4) to base 15.
d52a
What is 1873790 (base 11) in base 15?
42874a
Convert -12540103 (base 7) to base 14.
-22003a
560c0 (base 16) to base 5
42234243
Convert -2110211210200 (base 3) to base 6.
-44111113
Convert -1125156 (base 11) to base 5.
-1000444411
-35721 (base 11) to base 7
-302665
Convert -6fd4f (base 16) to base 6.
-13452355
What is 4563007 (base 8) in base 16?
12e607
233203330 (base 4) to base 2
101111100011111100
12030140 (base 6) to base 3
201011102020
What is -19057a (base 13) in base 12?
-264208
-23183ba (base 13) to base 6
-1023442102
Convert -62313014 (base 7) to base 12.
-1902a42
172618 (base 10) to base 5
21010433
266521 (base 9) to base 10
162262
Convert 2417a9 (base 11) to base 12.
165757
Convert -10202073 (base 9) to base 4.
-102230322333
21021220212 (base 3) to base 12
6b0ab
-1210102212200 (base 3) to base 8
-3506142
44442422 (base 5) to base 10
390362
-46901 (base 10) to base 12
-23185
Convert -2792317 (base 10) to base 14.
-529873
What is -4c4171 (base 14) in base 8?
-12004107
-93a27e (base 16) to base 11
-550929a
What is -4522814 (base 9) in base 11?
-1414433
34014103 (base 5) to base 8
1106054
2b866 (base 13) to base 3
11012110220
a41818 (base 11) to base 10
1671392
What is 38c5cb (base 13) in base 4?
11032122033
What is 102220100201012 (base 3) in base 13?
14060c3
ecb365 (base 16) to base 7
245565501
Convert -2100121000122 (base 3) to base 16.
-13197e
What is -230311101 (base 4) in base 15?
-39623
What is -245527 (base 8) in base 7?
-502204
-20020112100 (base 3) to base 15
-26609
What is -24ad4 (base 15) in base 13?
-41464
19255 (base 13) to base 12
2425a
-436588 (base 9) to base 6
-5331042
Convert 8200a9 (base 12) to base 2.
111110000001010000001
-22334303 (base 5) to base 12
-97428
-245431011 (base 6) to base 7
-55232011
What is -110201200010112 (base 3) in base 5?
-3212430421
112120133 (base 4) to base 6
1544235
-76077 (base 10) to base 15
-1781c
Convert -37a480 (base 14) to base 9.
-3532012
Convert 17653b9 (base 12) to base 11.
2820519
16a446 (base 12) to base 2
1011111011111110110
What is 31b3615 (base 13) in base 4?
321320132022
Convert 10423500 (base 6) to base 3.
120222100200
Convert 10031223 (base 6) to base 2.
1000101010111011111
What is -1001100111111000 (base 2) in base 9?
-60055
Convert -54446233 (base 7) to base 9.
-8703324
What is -10bbfd (base 16) in base 3?
-2001201101120
-313061 (base 7) to base 6
-1053302
Convert -25025105 (base 6) to base 7.
-6526136
Convert 4be1ad (base 15) to base 5.
1413021023
What is 17162083 (base 9) in base 6?
504220420
Convert 46041 (base 7) to base 6.
130043
What is 128086 (base 11) in base 5?
22413300
What is 137061 (base 10) in base 13?
4a502
Convert cff7c (base 16) to base 10.
851836
-112101333 (base 4) to base 6
-1542303
What is 629006 (base 10) in base 2?
10011001100100001110
Convert 123124230 (base 5) to base 4.
2102022202
4005404 (base 7) to base 4
1303112333
What is 7873447 (base 10) in base 14?
108d491
What is 11121221221 (base 3) in base 8?
261730
4034301 (base 7) to base 2
1110101000001010111
-22181 (base 14) to base 13
-2b7c1
128705 (base 9) to base 3
10222210012
Convert 732a23 (base 12) to base 9.
3356370
What is -1097927 (base 11) in base 8?
-7231645
Convert -121101000200 (base 3) to base 4.
-1032222330
Convert -112022122221 (base 3) to base 4.
-1010310112
-93344 (base 11) to base 5
-13324143
What is 110101011010111 (base 2) in base 10?
27351
-2a96 (base 14) to base 13
-35b1
What is -3c939d (base 15) in base 9?
-5435114
-153122 (base 12) to base 14
-945bc
Convert -411410342 (base 5) to base 8.
-6274540
-1254003431 (base 6) to base 3
-1001021022010001
Convert -689c5 (base 15) to base 11.
-208181
Convert -201222101010 (base 3) to base 13.
-109c86
3406155 (base 7) to base 5
102003242
110221211000 (base 3) to base 6
5244343
What is 129671 (base 13) in base 4?
1231230032
Convert 732c26 (base 16) to base 14.
10069ca
What is 142320342 (base 5) in base 16?
b5e89
What is 404010020 (base 5) in base 4?
12030320203
What is -872a98 (base 16) in base 14?
-1268332
-554010 (base 9) to base 13
-b7858
Convert -131346112 (base 7) to base 2.
-100000000110011111110100
-11100122022 (base 3) to base 10
-85760
What is -2002012000021 (base 3) in base 8?
-4157754
Convert -212410 (base 5) to base 11.
-5483
Convert 3f830 (base 16) to base 12.
106668
-18026d (base 15) to base 3
-2012011222111
Convert -5214255 (base 6) to base 2.
-111101010011011011
Convert 20220112010121 (base 3) to base 5.
1414440331
-122020120221010 (base 3) to base 2
-100010111101010110110000
What is 9268c (base 15) in base 3?
212120021220
What is 121104300 (base 6) in base 16?
23046c
What is 387817 (base 9) in base 6?
5013454
What is -890935 (base 13) in base 11?
-1905a67
Convert -15042540 (base 7) to base 14.
-2904c7
Convert -1d94a5 (base 15) to base 5.
-332331210
523506 (base 9) to base 6
10355353
1001101111000001111010 (base 2) to base 15
3561da
42946 (base 12) to base 10
87750
Convert -757875 (base 10) to base 12.
-306703
373294 (base 10) to base 5
43421134
-113254243 (base 6) to base 12
-864383
-254799 (base 10) to base 2
-111110001101001111
What is 387253 (base 9) in base 13?
82c2c
What is 12614137 (base 8) in base 16?
2b185f
Convert -c66da4 (base 15) to base 2.
-100100000000100101011011
313222201 (base 4) to base 2
110111101010100001
614126 (base 8) to base 9
338215
-4dd1a2 (base 14) to base 2
-1010001111111011111010
-813491 (base 12) to base 4
-13230133231
11142042 (base 5) to base 12
497bb
1734322 (base 8) to base 6
14502522
Convert -1bf5a1 (base 16) to base 4.
-12333112201
What is 183a56 (base 11) in base 12?
118043
Convert -1547827 (base 9) to base 15.
-11e671
Convert -1112212021001 (base 3) to base 13.
-22b067
Convert -1111100101101111 (base 2) to base 7.
-354111
Convert 23eca6 (base 15) to base 12.
6ab963
What is -14247415 (base 9) in base 8?
-32732124
What is -3240c (base 13) in base 8?
-261215
-152504 (base 11) to base 16
-39fd7
What is -bb974a (base 13) in base 8?
-20667524
142002 (base 7) to base 6
325243
-1402213211 (base 5) to base 6
-204102313
125115 (base 11) to base 16
30205
Convert 575503 (base 8) to base 10.
195395
What is 103333022033 (base 4) in base 16?
4ff28f
What is 14b817 (base 12) in base 11?
22047a
What is 466851 (base 15) in base 11?
1997a55
Convert -224220200 (base 5) to base 3.
-1220012002200
What is 11011 (base 4) in base 3?
110001
What is 333310130 (base 4) in base 8?
776434
What is -9aa890 (base 16) in base 7?
-152103064
-d20f (base 16) to base 15
-10e00
Convert 260c5a3 (base 13) to base 14.
181dcaa
What is -168062 (base 9) in base 3?
-12022002002
Convert 5530 (base 14) to base 12.
8646
-41d9c9 (base 16) to base 14
-804a49
What is -5054a (base 11) in base 8?
-220